 of 3*2*(-212145)/(-90).
14143
Let x be (-59)/(-4) + (-48)/64. Suppose j - x + 12 = 0. What are the prime factors of (51 + (-24)/(-6))/(j/10)?
5, 11
Let l = -96 - -14. What are the prime factors of (1 + 34/(-4))/(l/4100)?
3, 5
Suppose 0 = -13*g + 14618 + 17193. Suppose 954 = 2*x - 5*b, -x - 4*x = 3*b - g. List the prime factors of x.
487
Suppose 42*p - 234 = -66. Suppose 0 = -i - u - 23 + 129, p*i = -3*u + 427. List the prime factors of i.
109
Let y be ((-942)/4)/((-9)/(-36)). List the prime factors of (-1)/((-12)/y)*-8.
2, 157
Let d(g) = g**3 - g**2 - 12*g + 1. Let z be d(4). Let r(n) = 333*n**2 - 8*n + 8. List the prime factors of r(z).
3, 37
Let s(q) = -9 - 37 - 14*q**2 - 5*q**3 + 17 - 6*q. What are the prime factors of s(-6)?
11, 53
Let i be 18 + -3 + (-3 - -11). Let c(f) = f**3 - 20*f**2 - 34*f + 145. What are the prime factors of c(i)?
2, 5, 19
Let x(s) = 14*s**2 - 143*s + 26. Let n(q) = 7*q**2 - 71*q + 13. Let y(p) = 9*n(p) - 4*x(p). What are the prime factors of y(16)?
733
Let q(k) = -27*k - 14. Let p be q(4). Let t = 126 + p. Suppose 2*n + t*c - 486 = 0, -3*c = 9*n - 4*n - 1222. What are the prime factors of n?
5, 7
Let o(a) = -a**3 + 13*a**2 - 5*a + 8. Let r be o(6). Suppose -727 - r = -2*k + u, -3*u - 2390 = -5*k. Suppose w = 14*w - k. List the prime factors of w.
37
What are the prime factors of (19 - -2781) + (0 - 2) + 3?
2801
Suppose -1516 = 138*c - 142*c. Suppose c + 772 = o. Suppose -8*q = -o - 153. List the prime factors of q.
163
Let r(x) be the third derivative of -x**6/120 + 3*x**5/20 - 5*x**4/8 + x**3 + 8*x**2. Let d be r(8). Let l = 90 + d. What are the prime factors of l?
2, 5
Let a be 20/(-15)*(9/(-2) + 3). Suppose -758 = -3*c - 4*q, -c + a*q + 17 + 219 = 0. List the prime factors of c.
2, 3, 41
Let i(h) = -63*h + 67. Let j be i(1). Suppose 0 = 3*f - 5 - 4. Suppose -f*s = -j*s + 51. List the prime factors of s.
3, 17
Suppose -177711 = -4*t - 4*i + 110753, -4*i = -t + 72106. List the prime factors of t.
2, 3, 7, 17, 101
Let b = -16 - -22. Suppose -f = -2*f - b. Let o(r) = -r + 1. List the prime factors of o(f).
7
Let p(n) = n + 12. Let t be p(-14). List the prime factors of t/(-11) - (-47820)/165.
2, 5, 29
Suppose 18039*s = 18042*s - 19815. What are the prime factors of s?
5, 1321
Suppose 76*n = 78*n + 100. List the prime factors of 1264*(-5)/n + (-4)/10.
2, 3, 7
Suppose 26*w = 2*w + 13*w + 310046. List the prime factors of w.
2, 17, 829
Suppose -36*l - 168840 = -66*l. List the prime factors of l.
2, 3, 7, 67
Let j(c) = 4*c**2 + 10*c + 89. Let v = -387 - -366. What are the prime factors of j(v)?
31, 53
Let y(l) = -381*l + 6858. List the prime factors of y(-109).
3, 127
Suppose 2*c + 18*j = 17*j + 24535, -c + 6*j + 12248 = 0. List the prime factors of c.
2, 6133
Let s be 199180/(-207) + 2/9. Let c = 1180 + s. What are the prime factors of c?
2, 109
Let p(q) = -q**2 + 16. Let c be p(0). Let j = 10 - c. Let s(a) = -26*a - 13. List the prime factors of s(j).
11, 13
Let q(b) = -b**3 + 12*b**2 - b + 15. Let o be q(9). What are the prime factors of (-6 + 9)/(1*3/o)?
3, 83
Suppose -84*m + 100759 = 60775 - 758856. What are the prime factors of m?
2, 3, 5, 317
Suppose -3*h + 67 = 2*r - r, 5*h + 183 = 4*r. Suppose -540 = -4*j + r. List the prime factors of j.
2, 37
Suppose 0 = -4*o + 4*i + 24172, o + 4*i = 2*i + 6031. Suppose -5*m = -o + 1054. List the prime factors of m.
997
Let u = 234062 + -164388. List the prime factors of u.
2, 11, 3167
Suppose 20*n + 6 = 22*n. Suppose 4*u + 4*h = 216, n*u = -2*u - 3*h + 278. Let k = 79 - u. What are the prime factors of k?
3, 7
Let i be 4242/(9 - 3) + 3. Suppose -q + 4*q = f + 1073, -2*q = 2*f - i. What are the prime factors of q?
3, 7, 17
Suppose 227720 = 39*d - 164191. List the prime factors of d.
13, 773
Let x(c) be the first derivative of 12*c**3 - c**2/2 + 2*c + 105. What are the prime factors of x(-2)?
2, 37
Suppose -102*a - 31*a + 81396 = 0. List the prime factors of a.
2, 3, 17
Suppose 365298 = 243*j - 208647 - 390765. List the prime factors of j.
2, 5, 397
List the prime factors of (9/(-5))/((-2116044)/(-100765) - 21).
3, 2879
What are the prime factors of (-70624)/(-24)*(-816)/(-64)?
17, 2207
List the prime factors of (-112450495)/(-2788) - (-7)/(-4).
2, 3, 3361
Let p = -1234 - -1931. Suppose -4*l = -531 - p. What are the prime factors of l?
307
Suppose 346*b + 28723 = 125158 + 89713. List the prime factors of b.
2, 269
Let x be 3 + -2 - 2/2. Let g(h) be the second derivative of h**3/6 + 51*h**2 + 2*h - 597. What are the prime factors of g(x)?
2, 3, 17
Let i = -492 + 179. Let u = 595 + i. Suppose -9*n + 6*n + u = 0. What are the prime factors of n?
2, 47
Let m = -4658 + 10371. List the prime factors of m.
29, 197
Let m(l) = 17*l - 2. Let c be (4 - 6)*(-8)/(-4). Let f be m(c). Let r = -25 - f. List the prime factors of r.
3, 5
Let c(g) = 363*g - 156. What are the prime factors of c(14)?
2, 3, 821
Suppose 48 = 9*y + 3. Suppose y*u = -12 + 57. Suppose 412 = u*x - 5*x. What are the prime factors of x?
103
List the prime factors of -25724*(7 + (-2 - 8) + 2/1).
2, 59, 109
Let z(d) = -3*d - 40. Let a be z(-12). List the prime factors of 5 - (-155 + a + 4).
2, 5
Let v(s) be the second derivative of s**4/12 - 11*s**3/6 + 8*s**2 - 14*s. Let l be v(10). Let p(c) = c**2 + 12*c + 1. What are the prime factors of p(l)?
109
Let h(l) = 152*l**2 + 19*l - 29. What are the prime factors of h(-7)?
2, 3643
Suppose -v + 116 = 737. Let j be (v/(-45))/((-2)/(-20)). Let y = j + -48. What are the prime factors of y?
2, 3, 5
Let d(c) = c**3 - 7*c**2 + 4*c. Suppose 5*q - 7 + 3 = -2*b, -4*q = -5*b + 43. Let r be d(b). Suppose -4*w - r = -112. What are the prime factors of w?
3, 7
Suppose -21 = -4*p - 5*s, 4*p + 9 = 6*p + s. Suppose 0 = p*u - 4*o - 3032, 10*u = 5*u - 4*o + 3808. What are the prime factors of u?
2, 5, 19
Suppose -2*h - 16*h = 2412. Let d(u) = -66*u - 6. Let v be d(-3). Let w = v + h. List the prime factors of w.
2, 29
Suppose -6*i - 36 = 54. List the prime factors of 80/i - -6 - 3290/(-6).
3, 61
Let u be ((-1540)/(-15))/(4/30). Suppose -5*p - u = -7*p. Let x = -259 + p. List the prime factors of x.
2, 3, 7
Suppose -4*b = 4*j - 4068, 4963 = 5*b + 4*j - 119. Let i = b + -468. List the prime factors of i.
2, 3, 7, 13
Suppose 10*k - 8*k = 2*b + 24536, -2*b - 85866 = -7*k. List the prime factors of k.
2, 6133
Let p = -1698 + 2751. Suppose 18*w - 5967 - p = 0. What are the prime factors of w?
2, 3, 5, 13
Let o(s) = 3*s**2 + 6*s - 1. Let f be o(-3). Let q(k) = -k**2 + 13*k - 19. Let c be q(f). Suppose -c*u + 20*u + 43 = 0. List the prime factors of u.
43
Let y(m) = 7*m**2 - 1. Let f(r) = r**2 - 7*r + 9. Let x be f(5). Let w be y(x). Suppose -n = -w*z + z + 166, 63 = 2*z + 3*n. List the prime factors of z.
3, 11
Let y(s) = s + 5 - 2 + 3*s**2 - 3. List the prime factors of y(7).
2, 7, 11
Let x(v) = 2995*v**3 + 5*v**2 - v - 5. Let u be x(1). Suppose 4*n - 4*r = 2400, 4*n + r - u = -n. List the prime factors of n.
599
Let s = -262 + 359. Suppose -92*n = -s*n + 1480. List the prime factors of n.
2, 37
Let h = -15 + 20. Suppose 0 = -h*c + 395 + 1575. Suppose -311 = -3*d + 2*n, -c = -5*d + 2*n + 123. List the prime factors of d.
103
Let h = 14394 - 9654. What are the prime factors of h?
2, 3, 5, 79
Let d = 9426 - 3683. List the prime factors of d.
5743
What are the prime factors of (-132)/(-99) + (-50129)/(-3)?
17, 983
Let v = 54 + -63. Let p(d) = -5*d**2 + 6*d + 7. Let i(l) = -9*l**2 + 13*l + 14. Let o(q) = v*p(q) + 4*i(q). What are the prime factors of o(-4)?
5, 29
Let i(f) = f**3 + 9*f**2 - 2*f - 14. Let z be i(-9). What are the prime factors of 1*(-1 + (-157)/(-2)*z)?
313
What are the prime factors of 96285/13 + 12/26?
3, 823
Suppose -130*i + 59*i + 404558 = 0. List the prime factors of i.
2, 7, 11, 37
List the prime factors of 2419/164*23*32.
2, 23, 59
Suppose 5*t - 10 = 0, -3*v - 4*t = -14277 - 3611. List the prime factors of v.
2, 5, 149
Suppose 512 + 2070 = i. Suppose -5*c = 542 - i. What are the prime factors of c/14 - (-2)/(-14)?
29
Let d be 11 - (1 + 12/(-4)). Let s be (4 - 6) + -1 + d. What are the prime factors of ((-96)/s)/((-15)/100)?
2
Suppose 0 = 29*t + 9*t + 57722. Let s = t + 2224. What are the prime factors of s?
3, 5, 47
Let p(j) = 3*j**3 + 140*j**2 + 14*j + 42. List the prime factors